6 - q. Let t = p - 38. What is the tens digit of t?
2
Let k = -152 + 318. What is the hundreds digit of k?
1
Let p(j) = 35*j**2 + 16*j + 6. Let u be p(-6). Suppose -2*o + 8*o = u. What is the tens digit of o?
9
Let x = 39 + -4. Let k = 54 - x. What is the units digit of k?
9
Let r be (1 + 1)*(-21)/(-14). Suppose 5*u + 0 = 10, r*u = a + 53. Let q = a - -67. What is the tens digit of q?
2
Let y = 20 - 12. What is the tens digit of ((-24)/(-9))/(y/348)?
1
Suppose -2*m + 1022 = -5*h - 378, -2*h - 1406 = -2*m. What is the tens digit of m?
0
Suppose 48 = 2*p + p. Suppose 2 = 3*g - 1, -4*z = -5*g - 15. Suppose 0*w - 2*w + z*k + 36 = 0, -4*w = 4*k - p. What is the units digit of w?
8
Let h be (-1660)/(-15) - (-2)/6. Let l = 159 - h. What is the units digit of l?
8
Let j(p) be the second derivative of 5*p**4/24 - 5*p**3/3 - 3*p**2/2 + 3*p. Let o(u) be the first derivative of j(u). What is the units digit of o(6)?
0
Suppose -c - 3*k + 16 = -0*c, 0 = -5*k + 20. Suppose 0 = -c*t - 0*i + 3*i + 615, -i = -2*t + 305. Suppose -2*s = -8*s + t. What is the tens digit of s?
2
What is the thousands digit of (1839/8*2)/((-231)/(-1232))?
2
Let t = -81 + 222. Suppose 3*m + 4*j = t, -10*m + 5*m - 4*j = -243. What is the units digit of m?
1
Suppose 59*g - 62*g = 189. Let h = -57 - g. What is the units digit of h?
6
Let x(d) = -3*d**3 + 2*d + 2. Let t be x(-1). Suppose t*n - u - 34 = 15, -3*n + 37 = 2*u. What is the tens digit of n?
1
Suppose 19738 = 12*v - 12758. What is the units digit of v?
8
Let m = 3501 - 5919. What is the tens digit of (0 - m/36) + 1/(-6)?
6
What is the tens digit of -2 + -2*1 - (-93 + -6)?
9
Let s(n) = n**3 - 39*n**2 + 61*n - 63. What is the units digit of s(38)?
1
Suppose 0 = 10*y - 9*y - 203. Let f = y - 116. What is the units digit of f?
7
Let x(m) = -111*m - 7. Let s be x(3). What is the units digit of ((-3)/(-2))/((-15)/s)?
4
Suppose -42*l - 1465 = -5*r - 38*l, -2*l = -10. What is the hundreds digit of r?
2
Let l = -14 - -25. Let k = 24 + -6. Let h = k - l. What is the units digit of h?
7
Let r(i) be the third derivative of -5*i**6/24 - i**5/30 - i**4/24 + i**2. Let n = -18 - -17. What is the tens digit of r(n)?
2
Let q be -4 + ((-36)/20)/((-6)/20). Suppose -g = q*s - 290, -353 = 5*s - 5*g - 1048. What is the units digit of s?
3
Let j be 2/(-7) + (-836)/14. Suppose 6*i = -273 + 10641. What is the units digit of (-1)/(-5) - i/j?
9
Let v = 67 + -123. What is the units digit of (0 - v/(-6))/((-13)/78)?
6
Suppose 0 = -5*o + 25, -2*w - 5*o = -2*o - 19. Suppose -q + w + 1 = 0. Suppose 0 = 2*c + q*c - 115. What is the tens digit of c?
2
Let z be 4/(-18) + 196/(-9). Suppose 3*k - 4*k + 2*h = 74, 4*h = -2*k - 156. Let o = z - k. What is the tens digit of o?
5
Suppose r = 3, -2*u - r + 8 - 1 = 0. Let i be (-2 + 6 + -2)*2. Suppose u*g = -i*g + 138. What is the tens digit of g?
2
Suppose -5*o = q - 960, 9*o - 930 = 4*o + 5*q. What is the units digit of o?
1
Suppose -5*j = 5*m + 5, j - 5*m = 2*j + 5. Let l = 210 - 207. Suppose l*f = -j*f + 39. What is the tens digit of f?
1
What is the units digit of -5 + -1 - (-344 + -27)?
5
Suppose -4*n - v + 31 = 0, 2*n - 6*v - 8 = -4*v. Let j(h) = h + 1. Let l(z) = 4*z - 16. Let u(d) = j(d) + l(d). What is the units digit of u(n)?
0
Let d be 0 + -34*(-4 + 3). Suppose 4*f - 27 = 2*y - f, -3*f + 18 = -3*y. What is the tens digit of -3 - y*(d - -3)?
3
Suppose 0 = 58*k - 28*k - 81360. What is the thousands digit of k?
2
Suppose 20*g + 5000 = 40*g. What is the tens digit of g?
5
Let a = 16 - 15. Let l be -1*(-6 - (2 + a)). Suppose 3*u - 72 = l. What is the units digit of u?
7
Suppose 46 = -s + 2*s. Suppose -z - 9 = -2*z. Let o = s - z. What is the tens digit of o?
3
Let f be 121 + (0 + (2 - -1))/3. Let u = f + -67. What is the tens digit of u?
5
Let x(l) = l**3 - 8*l**2 + 13*l - 70. What is the units digit of x(8)?
4
Let m(b) = b**2 - 18*b. Let j be m(18). Suppose q = 6*q + 4*u - 30, 3*u = j. Suppose -2*d - 2*d + a = -39, -d - 5*a - q = 0. What is the units digit of d?
9
Let z = 345 - 66. What is the tens digit of z?
7
Let h(g) be the third derivative of -g**5/60 + 7*g**4/8 - 32*g**3/3 - 21*g**2. What is the tens digit of h(10)?
4
Suppose 3*i + i - 2920 = 0. Let y = 22 - i. What is the tens digit of y/(-60) - 1/(-5)?
1
Let f = 60 + -64. Let w(z) = -2*z**3 - 8*z**2 - 8*z + 4. What is the units digit of w(f)?
6
Suppose 47195 - 8155 = 16*t. What is the thousands digit of t?
2
Let c(v) = 3*v + 86. Let k be c(-24). Let z(m) = 7*m**2 - 3*m - 3. Let t be z(-2). Let w = t - k. What is the units digit of w?
7
Let z = 504 - -416. What is the hundreds digit of z?
9
Suppose 17*f + 4462 - 20204 = 0. What is the units digit of f?
6
Let p(a) = 3*a**3 - 4*a**2 - 17*a + 26. Let y be p(6). Suppose 3*d - 591 = -4*w, 3*w - y = -4*d + 10. What is the hundreds digit of w?
1
Suppose -28*z = -6*z - 73040. What is the units digit of z?
0
Let t be (70/(-15))/(2/(-6)). Suppose 4*i = 16, i - 13 = -c - 2. Suppose 4*x - 5*m = t, m + c = -3*x - 4*m. What is the units digit of x?
1
Let l(x) = -x**2 - x - 4. Let o(m) = 6*m**2 + 6*m + 20. Let q(c) = -11*l(c) - 2*o(c). Let d be q(0). Suppose -d = -2*w + 14. What is the units digit of w?
9
Suppose 32*d = 4418 + 98494. What is the hundreds digit of d?
2
Suppose -13*o - 2571 = -15*o - 3*i, 4*o = -2*i + 5162. What is the thousands digit of o?
1
Let h(t) = -t + 11. Let f be h(5). Let m = 5 - f. Let q(x) = -18*x - 1. What is the units digit of q(m)?
7
Let x(d) = 3*d + 44. Let v be x(-14). Suppose -46 = -v*b + 164. What is the tens digit of b?
0
Suppose -6*p = 7 - 1. Let f(c) = 24*c**2 + 4*c - 1. Let t(i) = 47*i**2 + 7*i - 2. Let m(n) = -11*f(n) + 6*t(n). What is the units digit of m(p)?
9
Let h be -32 + (-6 - 2)/4. Let i = h - -59. What is the units digit of i?
5
Let s = -44 - -79. Let r be 4/(-14) - (-570)/s. What is the units digit of ((-41)/4)/((-4)/r)?
1
Let r = 1468 - 860. What is the units digit of r?
8
Let w(c) = -c**2 + 5*c - 4. Let t be w(4). Suppose -5*a + 7 + 368 = t. What is the tens digit of a?
7
Let o(p) = -2*p**2 - 55*p - 36. What is the tens digit of o(-24)?
3
Let z be ((-304)/(-10))/((-10)/(-275)). Let t = z + -587. What is the tens digit of t?
4
Let i = 16 - 16. Let m be (-33)/11 + i + 2. What is the units digit of (m - (-1)/3)*-63?
2
Suppose 3*t = t - 12. Let u be -18*1/t*-3. Let s = 33 + u. What is the tens digit of s?
2
Suppose 13*z - 11584 = -3*z. What is the hundreds digit of z?
7
Let w(a) = -43*a - 8. Let q(m) = 21*m + 4. Let x(l) = 7*q(l) + 4*w(l). What is the tens digit of x(-2)?
4
Suppose 24 + 64 = 2*f. Let l be -1 + 4 + (-8 - f). Let g = 73 + l. What is the units digit of g?
4
Let t(y) = 7*y - 9. Let x be t(4). Suppose -4*v = -x - 1. Suppose -25 = -5*i + 5*u, 0 = -3*i + u + v + 6. What is the units digit of i?
3
Suppose -671 = -2*b - 4*m + 3519, 0 = 3*b - 4*m - 6245. What is the hundreds digit of b?
0
Suppose 59 = -3*x + 20. Let j be ((-152)/(-57))/(1/6). Let r = j + x. What is the units digit of r?
3
Suppose -178660 = -81*f - 32536. What is the thousands digit of f?
1
Suppose -3*h + 1457 = 92. Suppose 7*q - h - 931 = 0. What is the hundreds digit of q?
1
Let l(o) = o**3 + 7*o**2 + o + 14. Let t be l(-5). Suppose -3*f + 0*f - 7 = -r, 3*f = -2*r + t. What is the units digit of r?
2
What is the units digit of -2*(4 - (1 + 503/2))?
7
Let r = 0 + 1. Let h = 71 + r. What is the tens digit of h?
7
Let d(r) = r**3 + 16*r**2 + 14*r - 10. Let y = 19 - 17. Suppose 20 = 5*v, -v - 41 = y*m + m. What is the units digit of d(m)?
5
Let r(z) = 62*z**2 + 13*z + 33. Let q be r(-3). What is the tens digit of q/5 + 9/15?
1
Let y(m) = 135*m**3 + 10*m**2 - 14*m - 3. What is the hundreds digit of y(2)?
0
Let a = 46 + -24. Let h = -12 + a. Let r = h + 35. What is the tens digit of r?
4
Let x(u) = -3*u - 31. Let f be x(-17). Suppose 308 = -f*i + 24*i. What is the units digit of i?
7
Let q(n) = 28*n - 14. What is the units digit of q(2)?
2
Let v = 2140 - 709. What is the thousands digit of v?
1
Let h be (-2 + -2)/(-5 + 57/12). Let v be (-4)/14 + 37/7. Suppose -2*q = -v*x - h, 4*q - 31 = q + 4*x. What is the units digit of q?
3
Suppose -255 = -7*n - 3. Suppose 32*k = n*k - 396. What is the units digit of k?
9
Let m(f) = 40*f - 56. What is the hundreds digit of m(7)?
2
Suppose 0*l - 5*l + r = -104, -l - 4*